{"version":"1.0","provider_name":"AREA","provider_url":"https:\/\/association-recherche-enfance-adolescence.org","author_name":"vinz","author_url":"https:\/\/association-recherche-enfance-adolescence.org\/index.php\/author\/vinz\/","title":"n\u00b011 L'autre lyc\u00e9e : le Paris des pratiques institutionnelles - AREA","type":"rich","width":600,"height":338,"html":"<blockquote class=\"wp-embedded-content\" data-secret=\"WIj9VWOKIu\"><a href=\"https:\/\/association-recherche-enfance-adolescence.org\/index.php\/2025\/03\/12\/1222\/\">n\u00b011 L&rsquo;autre lyc\u00e9e : le Paris des pratiques institutionnelles<\/a><\/blockquote><iframe sandbox=\"allow-scripts\" security=\"restricted\" src=\"https:\/\/association-recherche-enfance-adolescence.org\/index.php\/2025\/03\/12\/1222\/embed\/#?secret=WIj9VWOKIu\" width=\"600\" height=\"338\" title=\"\u00ab\u00a0n\u00b011 L&rsquo;autre lyc\u00e9e : le Paris des pratiques institutionnelles\u00a0\u00bb &#8212; AREA\" data-secret=\"WIj9VWOKIu\" frameborder=\"0\" marginwidth=\"0\" marginheight=\"0\" scrolling=\"no\" class=\"wp-embedded-content\"><\/iframe><script type=\"text\/javascript\">\n\/* <![CDATA[ *\/\n\/*! This file is auto-generated *\/\n!function(d,l){\"use strict\";l.querySelector&&d.addEventListener&&\"undefined\"!=typeof URL&&(d.wp=d.wp||{},d.wp.receiveEmbedMessage||(d.wp.receiveEmbedMessage=function(e){var t=e.data;if((t||t.secret||t.message||t.value)&&!\/[^a-zA-Z0-9]\/.test(t.secret)){for(var s,r,n,a=l.querySelectorAll('iframe[data-secret=\"'+t.secret+'\"]'),o=l.querySelectorAll('blockquote[data-secret=\"'+t.secret+'\"]'),c=new RegExp(\"^https?:$\",\"i\"),i=0;i<o.length;i++)o[i].style.display=\"none\";for(i=0;i<a.length;i++)s=a[i],e.source===s.contentWindow&&(s.removeAttribute(\"style\"),\"height\"===t.message?(1e3<(r=parseInt(t.value,10))?r=1e3:~~r<200&&(r=200),s.height=r):\"link\"===t.message&&(r=new URL(s.getAttribute(\"src\")),n=new URL(t.value),c.test(n.protocol))&&n.host===r.host&&l.activeElement===s&&(d.top.location.href=t.value))}},d.addEventListener(\"message\",d.wp.receiveEmbedMessage,!1),l.addEventListener(\"DOMContentLoaded\",function(){for(var e,t,s=l.querySelectorAll(\"iframe.wp-embedded-content\"),r=0;r<s.length;r++)(t=(e=s[r]).getAttribute(\"data-secret\"))||(t=Math.random().toString(36).substring(2,12),e.src+=\"#?secret=\"+t,e.setAttribute(\"data-secret\",t)),e.contentWindow.postMessage({message:\"ready\",secret:t},\"*\")},!1)))}(window,document);\n\/\/# sourceURL=https:\/\/association-recherche-enfance-adolescence.org\/wp-includes\/js\/wp-embed.min.js\n\/* ]]> *\/\n<\/script>\n","description":"[et_pb_section fb_built=\u00a0\u00bb1&Prime; _builder_version=\u00a0\u00bb4.24.2&Prime; _module_preset=\u00a0\u00bbdefault\u00a0\u00bb global_colors_info=\u00a0\u00bb{}\u00a0\u00bb][et_pb_row _builder_version=\u00a0\u00bb4.24.2&Prime; _module_preset=\u00a0\u00bbdefault\u00a0\u00bb global_colors_info=\u00a0\u00bb{}\u00a0\u00bb][et_pb_column type=\u00a0\u00bb4_4&Prime; _builder_version=\u00a0\u00bb4.24.2&Prime; _module_preset=\u00a0\u00bbdefault\u00a0\u00bb global_colors_info=\u00a0\u00bb{}\u00a0\u00bb][et_pb_image src=\u00a0\u00bbhttps:\/\/association-recherche-enfance-adolescence.org\/wp-content\/uploads\/2025\/03\/NREA-11-couv.jpg\u00a0\u00bb title_text=\u00a0\u00bbNREA 11&Prime; _builder_version=\u00a0\u00bb4.24.2&Prime; _module_preset=\u00a0\u00bbdefault\u00a0\u00bb global_colors_info=\u00a0\u00bb{}\u00a0\u00bb][\/et_pb_image][\/et_pb_column][\/et_pb_row][et_pb_row _builder_version=\u00a0\u00bb4.24.2&Prime; _module_preset=\u00a0\u00bbdefault\u00a0\u00bb hover_enabled=\u00a0\u00bb0&Prime; global_colors_info=\u00a0\u00bb{}\u00a0\u00bb custom_padding=\u00a0\u00bb|||6px|false|false\u00a0\u00bb sticky_enabled=\u00a0\u00bb0&Prime;][et_pb_column type=\u00a0\u00bb4_4&Prime; _builder_version=\u00a0\u00bb4.24.2&Prime; _module_preset=\u00a0\u00bbdefault\u00a0\u00bb global_colors_info=\u00a0\u00bb{}\u00a0\u00bb][et_pb_text _builder_version=\u00a0\u00bb4.24.2&Prime; _module_preset=\u00a0\u00bbdefault\u00a0\u00bb custom_padding=\u00a0\u00bb2px|||||\u00a0\u00bb global_colors_info=\u00a0\u00bb{}\u00a0\u00bb] SOMMAIRE \u00c9DITORIAL Prendre soin des \u00e9l\u00e8ves et des soignants\u00a0: Les (H) Oury (is) Emmanuelle Granier INTRODUCTION Association libre\u2009? Gr\u00e9goire Latry Gen\u00e8se d\u2019une co-op\u00e9ration\u00a0 [&hellip;]"}

n°11 L'autre lycée : le Paris des pratiques institutionnelles - AREA

<blockquote class="wp-embedded-content" data-secret="WIj9VWOKIu"><a href="https://association-recherche-enfance-adolescence.org/index.php/2025/03/12/1222/">n°11 L&rsquo;autre lycée : le Paris des pratiques institutionnelles</a></blockquote><iframe sandbox="allow-scripts" security="restricted" src="https://association-recherche-enfance-adolescence.org/index.php/2025/03/12/1222/embed/#?secret=WIj9VWOKIu" width="600" height="338" title="« n°11 L&rsquo;autre lycée : le Paris des pratiques institutionnelles » &#8212; AREA" data-secret="WIj9VWOKIu" frameborder="0" marginwidth="0" marginheight="0" scrolling="no" class="wp-embedded-content"></iframe><script type="text/javascript">
/* <![CDATA[ */
/*! This file is auto-generated */
!function(d,l){"use strict";l.querySelector&&d.addEventListener&&"undefined"!=typeof URL&&(d.wp=d.wp||{},d.wp.receiveEmbedMessage||(d.wp.receiveEmbedMessage=function(e){var t=e.data;if((t||t.secret||t.message||t.value)&&!/[^a-zA-Z0-9]/.test(t.secret)){for(var s,r,n,a=l.querySelectorAll('iframe[data-secret="'+t.secret+'"]'),o=l.querySelectorAll('blockquote[data-secret="'+t.secret+'"]'),c=new RegExp("^https?:$","i"),i=0;i<o.length;i++)o[i].style.display="none";for(i=0;i<a.length;i++)s=a[i],e.source===s.contentWindow&&(s.removeAttribute("style"),"height"===t.message?(1e3<(r=parseInt(t.value,10))?r=1e3:~~r<200&&(r=200),s.height=r):"link"===t.message&&(r=new URL(s.getAttribute("src")),n=new URL(t.value),c.test(n.protocol))&&n.host===r.host&&l.activeElement===s&&(d.top.location.href=t.value))}},d.addEventListener("message",d.wp.receiveEmbedMessage,!1),l.addEventListener("DOMContentLoaded",function(){for(var e,t,s=l.querySelectorAll("iframe.wp-embedded-content"),r=0;r<s.length;r++)(t=(e=s[r]).getAttribute("data-secret"))||(t=Math.random().toString(36).substring(2,12),e.src+="#?secret="+t,e.setAttribute("data-secret",t)),e.contentWindow.postMessage({message:"ready",secret:t},"*")},!1)))}(window,document);
//# sourceURL=https://association-recherche-enfance-adolescence.org/wp-includes/js/wp-embed.min.js
/* ]]> */
</script>

[et_pb_section fb_built= »1&Prime; _builder_version= »4.24.2&Prime; _module_preset= »default » global_colors_info= »{} »][et_pb_row _builder_version= »4.24.2&Prime; _module_preset= »default » global_colors_info= »{} »][et_pb_column type= »4_4&Prime; _builder_version= »4.24.2&Prime; _module_preset= »default » global_colors_info= »{} »][et_pb_image src= »https://association-recherche-enfance-adolescence.org/wp-content/uploads/2025/03/NREA-11-couv.jpg » title_text= »NREA 11&Prime; _builder_version= »4.24.2&Prime; _module_preset= »default » global_colors_info= »{} »][/et_pb_image][/et_pb_column][/et_pb_row][et_pb_row _builder_version= »4.24.2&Prime; _module_preset= »default » hover_enabled= »0&Prime; global_colors_info= »{} » custom_padding= »|||6px|false|false » sticky_enabled= »0&Prime;][et_pb_column type= »4_4&Prime; _builder_version= »4.24.2&Prime; _module_preset= »default » global_colors_info= »{} »][et_pb_text _builder_version= »4.24.2&Prime; _module_preset= »default » custom_padding= »2px||||| » global_colors_info= »{} »] SOMMAIRE ÉDITORIAL Prendre soin des élèves et des soignants : Les (H) Oury (is) Emmanuelle Granier INTRODUCTION Association libre ? Grégoire Latry Genèse d’une co-opération  [&hellip;]
